st common divisor of t and 36.
9
Suppose 4*t = -2*m + m + 632, -4*m - 5*t = -2506. What is the highest common divisor of 32 and m?
16
Suppose -76*z + 2664 = -68*z. Calculate the highest common factor of 148 and z.
37
Let i(h) = -2*h**2 + 21*h - 35. Let s be i(3). Calculate the highest common factor of 640 and s.
10
Let q(s) = 7*s**2 - 16*s - 1. Let r be q(-12). Calculate the highest common divisor of 11 and r.
11
Let n(r) = -r**2 + 3*r + 7. Let w be n(3). Let l(j) = -2*j + 26. Let o be l(w). Calculate the greatest common factor of 60 and o.
12
Let j(p) = -3*p**2 - 30*p - 20. Let g be j(-9). Calculate the highest common factor of g and 679.
7
Let t(i) = i**3 - 11*i**2 + 15*i - 39. Let k be t(10). Suppose -k*y + 65 + 650 = 0. What is the greatest common divisor of y and 10?
5
Suppose 9*y + 2*s + 240 = 14*y, s - 205 = -4*y. What is the greatest common divisor of 590 and y?
10
Let t(x) = -17*x - 317. Let u be t(-34). What is the greatest common divisor of 18 and u?
9
Suppose -6*f + 126 = -9*f. Let n = -39 - f. What is the greatest common divisor of 7 and n?
1
Let c = -72 + 149. Let n = 13 + -6. Calculate the greatest common factor of c and n.
7
Let x(p) = -36*p + 361. Let w be x(10). Suppose 5*n = -o + 24, 0 = -2*n + 4*n - 2*o. Calculate the highest common divisor of n and w.
1
Suppose -4*a = a + 34480. Let s be (-4)/(-18) - a/72. What is the greatest common factor of s and 16?
16
Let y = 35 + -9. Suppose -190*o + 15270 = -24250. Calculate the greatest common factor of o and y.
26
Let q be ((-1)/(-3))/((-18)/(-432)). Calculate the greatest common factor of 256 and q.
8
Let m be 2/(-4) - ((-606)/12 + 5). Suppose 43*t - m = 38*t. Let n be (1 - (-3)/3) + 34. Calculate the highest common divisor of t and n.
9
Suppose 4*g + 32 = 3*b - 0*b, -2*b = -3*g - 20. What is the highest common divisor of b and 208?
16
Suppose -2 = -3*t + 2*a + 18, 4*t = 3*a + 28. Suppose 68 - 458 = -78*v. Calculate the greatest common factor of v and t.
1
Suppose -19*h - 60 = -18*h. Let t be ((-16)/6)/(h/90). Calculate the greatest common factor of 12 and t.
4
Suppose -2*k - 4*k + 30 = 0. Suppose 3*y - 10 = k. Suppose -2*j + 8 = v, -52 = -5*v + y*j - 3*j. Calculate the highest common divisor of v and 90.
10
Suppose 2*i = -5*c + 1690, 2*c + 5*i = 6*c - 1385. Let s be c/(-9) - (-14)/(-63). Let o = s + 44. Calculate the highest common factor of 66 and o.
6
Suppose 0 = 4*o + 3*l - 6715, -2*o + 3*o + 4*l - 1682 = 0. Suppose 2*d + o = -3*h + 8*h, -334 = -h + 2*d. What is the greatest common divisor of 48 and h?
48
Suppose 0 = 3*z + 5*j - 721, 0 = 5*z + 7*j - 5*j - 1208. Calculate the greatest common divisor of 66 and z.
22
Let m = 158 + -88. Let l(d) = d**2 - 3*d - 4. Let u be l(6). What is the greatest common factor of u and m?
14
Suppose -71 = -14*n + 11*n + w, 4*w = -2*n + 24. Calculate the highest common divisor of 88 and n.
22
Suppose 31*j - 40*j = -945. Calculate the greatest common divisor of j and 175.
35
Let h be 50 + -1*(12 - 2). What is the greatest common divisor of h and 55?
5
Suppose -3*t = 6, 30*t = n + 29*t - 492. Calculate the highest common factor of 10 and n.
10
Let b(g) = 7*g**2 + 8*g - 35. Let f be b(-9). Calculate the highest common factor of f and 40.
20
Let i = 6 - 2. Let u be 4/(i - 104/28). What is the highest common factor of u and 14?
14
Suppose 0*x + 6 = 2*x. Suppose -4*f = -12, -3*y - 4*f = -x*f - 219. What is the highest common divisor of y and 18?
18
Let w = -54 - -146. Suppose 4*j - w = -2*t, 3*t - 4*t + 5*j + 74 = 0. Suppose 104*c = 99*c + 90. What is the greatest common divisor of c and t?
18
Suppose 9*u + 4 - 22 = 0. Suppose u*a - 35 = -15. What is the highest common divisor of a and 100?
10
Let s = 6 + -2. Let p be (4 - 16)*(-2)/s. What is the highest common factor of p and 6?
6
Let k = -930 - -1229. What is the greatest common factor of k and 78?
13
Suppose -42*t + 7 + 93 = 58*t. Suppose 13 = -w - 3*v, 4*v + 11 + 1 = -4*w. Let d = 3 - w. What is the greatest common factor of t and d?
1
Suppose -3*c = -4*c + 24. Let y be 2/28*6 + (-137)/(-7). Let o be 30/25*y/3. Calculate the greatest common factor of c and o.
8
Suppose 0 = 4*i - 3*n - 60, 0 = -3*i - 3*n + 7*n + 52. Calculate the greatest common divisor of i and 42.
6
Let u be (-47 - -52)*(-1)/(10/(-12)). What is the greatest common divisor of u and 213?
3
Let x be ((-6)/12)/(123/(-30) + 4). Calculate the highest common factor of x and 95.
5
Let q(o) = 49*o + 57. Let g be q(4). Calculate the greatest common factor of 11 and g.
11
Let d = -650 + 1109. Suppose -3*w = -3*f - 110 - 175, 5*w - f = d. Calculate the greatest common divisor of w and 7.
7
Let a be 1/3 + 56/12. Suppose 4*t = a*t + 4*v - 60, -5*t + 380 = 4*v. What is the greatest common factor of t and 32?
16
Suppose -4*u - 336 = 2*j, -j = -3*j - 2*u - 336. Let c be ((-42)/(-8))/((-338)/j + -2). Calculate the greatest common divisor of c and 63.
63
Let x be ((-14)/(-4))/((-2)/4). Let n(w) = -w**2 - 7*w + 3. Let a be n(x). Let k be 1041/9 - 2/a. What is the greatest common divisor of k and 46?
23
Suppose 3*b = -0*b - r + 222, -b - 5*r + 74 = 0. Suppose 0*y = -y + b. Calculate the greatest common factor of y and 37.
37
Let y = 15 - 12. Suppose -4*d - 3*x - 18 = 0, y = -d - 5*x + 7. Let c be d/10*(0 - 15). Calculate the highest common factor of c and 45.
9
Suppose -16*q + 162 = 2. Let o(h) = 12*h**2 + h - 1. Let t be o(3). What is the greatest common divisor of t and q?
10
Let z(q) = 7*q**3 + 13*q**2 - 33*q + 9. Let f be z(3). What is the highest common divisor of 12 and f?
12
Let g(b) = -b**3 + b**2 + 2*b + 36. Let d be g(0). Let u be 2*2 + (5 - 5). Calculate the highest common factor of u and d.
4
Let r(a) = 2*a**2 + 9*a - 3 + 0*a**2 + 0*a**2. Let o be r(-6). Let x = o - 8. What is the highest common factor of 77 and x?
7
Suppose 3*f = -7*s + 6*s + 734, -4*s - 3*f = -2900. Let q = s - 386. What is the highest common divisor of q and 42?
42
Let p = 848 + -596. What is the greatest common factor of 28 and p?
28
Suppose 179 + 61 = 15*k. Suppose k*x - 23*x = -49. Calculate the highest common divisor of x and 3.
1
Let d be (-10024)/(-140) + (12/(-10))/(-3). Suppose 0 = 4*w - d + 12. Calculate the greatest common factor of w and 20.
5
Suppose -5*g - 4*o - 3 = 0, 0*g + 24 = -3*g + 5*o. Let t be (g - -1) + 10 + -4. What is the highest common factor of 28 and t?
4
Let p = 167 + -120. Suppose -p = -6*v + 13. What is the highest common factor of v and 50?
10
Let p = 1810 - 1802. Suppose 2*q + 3*w = 4*q - 176, 3*w - 88 = -q. What is the greatest common divisor of q and p?
8
Suppose 3*l = -2*f + 64, l + 5*f + 7 - 24 = 0. Suppose 2*k = k + l. What is the greatest common factor of k and 2?
2
Suppose 10*c - 4 = 8*c. Suppose 0 = -x + 2*x - c. Suppose 3*o - 4*p - 112 = -x*o, 0 = 5*o + 3*p - 126. Calculate the highest common factor of o and 60.
12
Let t be -1 - -364 - (-1 - -4). Calculate the highest common divisor of t and 40.
40
Let a be (990/24)/((-1 + 6)/100). What is the greatest common factor of a and 220?
55
Let z = -16 - -20. Suppose -n - 2 = -z. What is the greatest common factor of n and 18?
2
Let c = -465 + 753. What is the greatest common divisor of 9 and c?
9
Let c = 82 + -121. Let p = 56 + c. Let a(b) = 9*b**2 + 23*b + 56. Let s be a(-3). Calculate the greatest common factor of s and p.
17
Suppose 15 = o + 2*u, o - 6*o + u + 108 = 0. What is the highest common divisor of 567 and o?
21
Let m(z) be the third derivative of z**5/12 + 7*z**4/24 + 7*z**3/3 + 48*z**2. Let x be m(-4). What is the highest common factor of 44 and x?
22
Let p(b) = -b**3 - 13*b**2 - 31*b + 5. Let c be p(-10). What is the highest common factor of 555 and c?
15
Let g(c) = 2*c**2 + 8*c + 4. Let i be g(-6). Suppose x = -1 - 6. Let d be x/i - (-74)/8. Calculate the greatest common factor of d and 63.
9
Let g be (-1 - -1)/(-13 + 14). Let q = g + 37. Calculate the highest common factor of 259 and q.
37
Suppose -31*n + 9 = -84. Calculate the highest common divisor of n and 1.
1
Let y(r) = -2*r**3 + 9*r**2 + 4*r - 4. Let o be y(6). Let f be ((-18)/4)/(4/o). What is the highest common divisor of 18 and f?
9
Let a = -107 + 112. Suppose -5 = 5*v - a*m, 3*v - m + 4*m - 9 = 0. What is the greatest common factor of v and 9?
1
Suppose 467 = h + 3*a, -3*h = -6*h + 3*a + 1425. Suppose 4*x 